 = 5*s, -4*s - 4 = -t. Suppose 181 = t*a - 15*a. List the prime factors of a.
181
Let a = -944 + 1341. List the prime factors of a.
397
Let x be 55/(-66)*(-5 - 1). Suppose -6*n + n + 187 = m, -x*m = -2*n - 854. Suppose -3*c + j + 75 = -m, -5*j = 2*c - 193. List the prime factors of c.
2, 3, 7
Let r(i) = i**2 + 1. Let o be r(3). Suppose -o = 2*p - 7*p. Suppose -p*x + z - 57 = -5*x, x - z = 23. What are the prime factors of x?
2, 5
Let t = -76 + 14. List the prime factors of t*(5/(-10) - 1).
3, 31
Let x(o) = -o**3 - 18*o**2 + 52*o - 4. What are the prime factors of x(-22)?
2, 197
Let h(b) = -26*b**3 + 71*b**3 + 17*b**3 + 21*b**3. What are the prime factors of h(1)?
83
Let x(n) = n**3 + 15*n**2 - 20*n - 13. Suppose 5*h + 128 = -3*h. What are the prime factors of x(h)?
3, 17
List the prime factors of (-13)/(1170/(-15)) + 18682/12.
3, 173
What are the prime factors of (6 - (1 + (3 - -1)))*95?
5, 19
Suppose -n - 10 = 3*g, -n + 3*g + 13 = 5. Let a be 0*(-5)/10 + -3 + -5. Let v = n - a. What are the prime factors of v?
7
Let b be (-2)/1 - (-2 - 1). Let r be 1 + b + 0 + 2. Suppose -138 = -2*f - 3*l, 23 - 7 = r*l. List the prime factors of f.
3, 7
Let q be (1 + 1)/((-6)/(-129)). Suppose 3*x = q + 113. Suppose b - 23 = 3*o, -o - x = -2*b + 3*o. List the prime factors of b.
2
Suppose 0*k + 3*g = -4*k + 172, 3*g - 215 = -5*k. List the prime factors of k.
43
Suppose 83 + 89 = 2*h - 4*n, 0 = 2*n - 10. What are the prime factors of h?
2, 3
What are the prime factors of (-130229)/(-88) + 2/16?
2, 5, 37
Let t = -491 + 535. List the prime factors of t.
2, 11
Let f(m) = -6*m**3 + m**2 + m - 2. Let u = 12 - 9. Suppose -c - 3*y - 2*y = 7, c + u*y = -5. List the prime factors of f(c).
2, 3
Let a(f) = 2*f**2 + 34*f - 10. Let o be a(-12). Let g = 87 - o. What are the prime factors of g?
7, 31
Let v be (-6 + -5 - -1)/((-2)/40). Let g = v + -34. List the prime factors of g.
2, 83
Suppose -9*r + 21*r - 43140 = 0. What are the prime factors of r?
5, 719
Suppose 0*c + 2*c = -2*a + 4, 2*c - 2*a = 24. What are the prime factors of (-2)/c - (2 - (-6354)/(-42))?
149
Let i(r) be the first derivative of -7*r**2/2 - 8*r - 3. Let z be i(4). What are the prime factors of -3 - (-1 + z) - -3?
37
Suppose 14*r + 4602 - 15368 = 0. What are the prime factors of r?
769
Let g = -1751 + 3351. List the prime factors of g.
2, 5
What are the prime factors of (11 - 376/32) + (-3943)/(-4)?
5, 197
Let s(f) = -4*f - 2*f + f + 8*f. Let c = 2 + -1. List the prime factors of s(c).
3
Suppose -2*d = -z + 68 - 927, 5*d + z = 2158. What are the prime factors of d?
431
Let a(j) = j**3 - 17*j**2 - 2. Let r be ((-2)/(-2))/(5/85). Let s be a(r). List the prime factors of s - (-61 + -1 + -1).
61
Let v(g) = -g**3 + 5*g**2 - 3*g + 4. Let o be v(4). Let h = o - -21. What are the prime factors of h?
29
Suppose 3*h - 7382 = -f, -27*h + 9842 = -23*h + 2*f. List the prime factors of h.
23, 107
Suppose 0 = 3*r + 4*x - 4, 5 = 5*r - 10*r + 5*x. Suppose r*l = l - 122. List the prime factors of l.
2, 61
Suppose -4*r = -9*r - 10. Let f = r + 2. Suppose f = -4*k + 160 + 16. List the prime factors of k.
2, 11
Let x be -2 - -6 - (-16 + 6). Suppose 0 = 3*i + x - 20. Suppose 5*y = i*y + 96. What are the prime factors of y?
2
Suppose 8 = 3*a + a. Suppose -2*d + 5*f + 17 = 0, 0*d - 22 = -4*d - a*f. What are the prime factors of (-12)/15*(-195)/d?
2, 13
Let a be -2*(-1 - (-513)/(-6)). Suppose 2*b + 5*p = -2*b + 339, 2*b - p = a. List the prime factors of b.
2, 43
Suppose -113 - 2443 = -3*i - 5*l, -2*i + 1704 = 4*l. List the prime factors of i.
2, 3, 71
Suppose -46*k + 12*k + 31246 = 0. What are the prime factors of k?
919
List the prime factors of (112295/259 - 8/14) + 0.
433
Let b = 2312 - -968. What are the prime factors of b?
2, 5, 41
Let g be (-10 + 4)/(-1) - 4. Let k be 348/9 - g/(-6). What are the prime factors of k/52 - 81/(-4)?
3, 7
What are the prime factors of (-22 - -22) + 1*4 + 1259?
3, 421
Suppose 5*j - 2738 = -3*a, -7*j + 6*j - 2750 = -3*a. What are the prime factors of a?
2, 229
Suppose -2*t + 2156 = 5*t. List the prime factors of t.
2, 7, 11
Suppose -2*a - 2*a + 2*m = -2028, 3*m = -a + 507. Let w = a - 355. List the prime factors of w.
2, 19
Let d(c) = 6*c + 1. Let t be d(-1). List the prime factors of (t - 550/15)/((-2)/6).
5
Let p = 894 + -530. List the prime factors of p.
2, 7, 13
Let s be (-1)/((-1 - 6225/(-1557)) + -3). Suppose 0 = -5*k + 8*k - s. What are the prime factors of k?
173
Let k = -15 + 18. Let l be (-6)/k - (-210 - -2). Suppose -3*p + v + 151 = 2*v, v = 4*p - l. What are the prime factors of p?
3, 17
Let m = -48 - -372. List the prime factors of m.
2, 3
Suppose 0*m - 4*u = -3*m + 2212, m - 764 = -4*u. Suppose -r = -7*r + m. What are the prime factors of r?
2, 31
Let m(x) = -x**2 - 28*x + 96. What are the prime factors of m(-27)?
3, 41
Let g = -575 + 1675. What are the prime factors of g?
2, 5, 11
Suppose c + 2723 = 3*i, 3*i = -5*c + 3535 - 824. List the prime factors of i.
907
Let x = -30 + 55. Let b = x + 11. List the prime factors of b.
2, 3
Suppose m + 5 = -7. Let i = 16 + m. Suppose -i*u + 0*x - 2*x = -58, -3*x - 41 = -2*u. What are the prime factors of u?
2
Let q(r) = 3 + 7*r - 6*r**2 - 40*r + 2*r**3 + 19*r + 19*r. Suppose 0 = -0*y - y + 4. What are the prime factors of q(y)?
5, 11
Suppose 3*i + 3*q + 99 = -78, -3*q = -4*i - 208. Let t = -31 - i. Suppose 0*g - t = -g. List the prime factors of g.
2, 3
Suppose 3*i = -2*o + 515, -148 = -2*i + 4*o + 206. Suppose -3*a + 12 = -0*a. Suppose s + 29 = 2*s + a*b, -3*b = -4*s + i. List the prime factors of s.
41
Suppose -106 = -8*r + 6*r. Suppose 0 = -r*o + 58*o - 285. What are the prime factors of o?
3, 19
Suppose 0 = 3*c - 5*y - 296, 4*y = c + 5*y - 104. List the prime factors of c.
2, 3, 17
Let p be (-384)/14 + 30/70. Suppose -228 = -4*d + 4*i, i = -3*d + 3*i + 166. Let u = p + d. List the prime factors of u.
5
Let v be 2/3 + (-247)/(-57). Suppose -143 = -2*q + v*k, -26 = 5*k - 1. What are the prime factors of q?
59
Suppose 3*h - 3*s + 0*s - 12 = 0, 3*h = -2*s + 7. Let a = h + 62. What are the prime factors of a?
5, 13
Let l be (-78 + 1)*(-12)/14. Let b = -74 + 33. Let c = b + l. List the prime factors of c.
5
Let f = 10095 - 5237. What are the prime factors of f?
2, 7, 347
Let o(q) = q**2 - q. Let j be o(2). Suppose 0 - j = 2*p. What are the prime factors of 1*16 - (-2)/p?
2, 7
Suppose 16*h - 181798 = -18*h. List the prime factors of h.
5347
Let t(a) = 66*a - 229. What are the prime factors of t(9)?
5, 73
What are the prime factors of 3 + 3 + 581 - 36/(-12)?
2, 5, 59
Suppose -18280 = -5*b - 7*p + 10*p, 5*p - 7281 = -2*b. What are the prime factors of b?
13, 281
Suppose -2*n - 12 = 3*z + 5, 2 = -2*n. Let x be -2*(3 + -1 + z). Let c(v) = v**2 + v - 1. List the prime factors of c(x).
41
Suppose -4140 = -6*d + 11*d. What are the prime factors of d/(-15) + (-1)/5?
5, 11
Suppose 0 = -3*u + 2*u + 5*k + 3079, 2*k + 4 = 0. List the prime factors of u.
3, 11, 31
Let v(k) = 29*k**2 + 9*k + 27. Let d(i) = 10*i**2 + 3*i + 9. Let h(q) = -11*d(q) + 4*v(q). What are the prime factors of h(-4)?
3, 31
List the prime factors of -4 + 1018/(-4)*-2*1.
5, 101
Let y = 31 + -25. Let d be 16/y*9/6. Suppose -5*v + d*r + 361 = 0, -r - 47 = -2*v + 98. What are the prime factors of v?
73
Suppose 14 = 5*o - 16. Let s = 0 - o. What are the prime factors of s*(-1)/2 + 26?
29
Let h(b) = -b**3 + 8*b**2 - b. Let z(g) = g**2. Let a(i) = h(i) - 3*z(i). Suppose -23*u = -28*u + 15. List the prime factors of a(u).
3, 5
Suppose r + 10 = 3*q, r + 4 + 5 = 2*q. Let i = r - -3. Let m(f) = -10*f - 2. What are the prime factors of m(i)?
2, 19
Let q(p) = 11*p - 7. Let n(c) = 21*c - 13. Let a(h) = -6*n(h) + 11*q(h). Let i(u) = -5*u**2 - 2*u + 1. Let g be i(1). List the prime factors of a(g).
31
Suppose 0 = -4*u - u. Let g be (-13)/(39/18)*(1 + -17). Suppose g = 4*l - u. List the prime factors of l.
2, 3
Let f be 5 + -3 + -3 + 4. Let q be (4 - 3)/(f/(-525)). List the prime factors of (12/(-15))/(5/q).
2, 7
Let f = 74 + -53. Suppose 4*c + 172 = x, 64 = -2*c + c - 5*x. List the prime factors of c*(f/6)/(-7).
2, 11
Let p be 12*(-3)/24*-4. List the prime factors of 3/p*(-378)/(-3).
3, 7
Suppose g - 571 = -6*o + 5*o, o - g = 567. What are the prime factors of o?
569
Suppose 565 + 617 = 2*w. Suppose